base 2?
1100100101101010000010
1f0f3 (base 16) to base 15
27a64
Convert -342024 (base 6) to base 12.
-14914
What is 396242 (base 10) in base 5?
100134432
Convert 209645 (base 14) to base 12.
4515a5
Convert 18da0e (base 16) to base 10.
1628686
Convert 24301430 (base 6) to base 2.
10111100000010011010
Convert -12142034 (base 5) to base 12.
-56859
What is -80648 (base 16) in base 3?
-222201101122
What is -253433 (base 14) in base 8?
-4675565
Convert -581222 (base 9) to base 6.
-11250032
-22210121010201 (base 3) to base 11
-2704697
What is 122100012012 (base 3) in base 5?
41410222
-8bca5 (base 16) to base 12
-237431
-2201302323 (base 4) to base 14
-13372b
What is 1102201 (base 3) in base 15?
49a
-13495 (base 14) to base 3
-2102020121
Convert -20210022210 (base 3) to base 14.
-369c0
Convert -2222332010 (base 5) to base 10.
-4886505
Convert 1102103021 (base 4) to base 13.
ba587
What is 20210020 (base 5) in base 14?
43647
Convert 133134041 (base 5) to base 10.
677396
Convert -1122230211 (base 4) to base 8.
-1325445
-20001341 (base 5) to base 15
-31566
-1100111011110101110111 (base 2) to base 7
-40551554
Convert -1222020 (base 6) to base 2.
-1111111011011100
What is 603261 (base 16) in base 9?
12767846
85832 (base 15) to base 6
13025402
What is 1155425312 (base 6) in base 8?
63155014
-245716 (base 10) to base 8
-737724
Convert -22000001020 (base 3) to base 8.
-463471
-1023585 (base 9) to base 15
-ac222
What is -54118 (base 9) in base 11?
-24a03
1775a (base 15) to base 2
10010100010000110
Convert -972386 (base 10) to base 8.
-3553142
Convert -220120111 (base 3) to base 5.
-1033124
What is 3aa87 (base 12) in base 16?
13c87
223221341 (base 5) to base 10
992096
-11022222000 (base 4) to base 10
-1354368
What is -763606 (base 8) in base 12?
-1040b2
41204 (base 7) to base 3
111210012
-2075720 (base 9) to base 12
-458153
5540666 (base 7) to base 14
13a8a6
What is 459773 (base 10) in base 11?
294486
-3a797 (base 13) to base 9
-175416
What is 13411350 (base 6) in base 10?
452658
What is 176163 (base 9) in base 8?
325660
Convert -15024a (base 11) to base 2.
-111001010000111000
8a098 (base 12) to base 8
545764
Convert 4412801 (base 9) to base 6.
122451044
Convert 11030301002 (base 4) to base 11.
851060
3852945 (base 10) to base 14
7241c5
Convert 161327 (base 8) to base 6.
1124503
-40132 (base 11) to base 14
-17584
29b804 (base 13) to base 12
41531a
-57453b (base 14) to base 13
-7ccb29
Convert -211332220 (base 4) to base 14.
-40996
-3640951 (base 10) to base 9
-6758401
Convert -2200221011100 (base 3) to base 9.
-2627140
Convert 880658 (base 10) to base 8.
3270022
Convert -11239 (base 14) to base 2.
-1010001010000011
What is 3cc055 (base 15) in base 7?
33605132
e719 (base 15) to base 5
3030344
4a376 (base 13) to base 11
93880
-1112121203 (base 4) to base 13
-c5105
7dd0 (base 14) to base 10
21938
Convert -102a2a (base 11) to base 7.
-1254630
1051938 (base 14) to base 16
75e45e
What is -3089c (base 16) in base 9?
-332642
-829901 (base 10) to base 16
-ca9cd
Convert 1bc41 (base 15) to base 14.
24db1
What is 18a0a8 (base 12) in base 15?
88088
Convert -210110211212 (base 3) to base 6.
-13020552
What is -3111013 (base 4) in base 6?
-143051
What is 16bdf (base 16) in base 7?
535402
16051222 (base 7) to base 3
2220100002101
Convert 1121014 (base 5) to base 11.
14144
Convert -405464 (base 8) to base 5.
-13241230
Convert 21141112 (base 5) to base 4.
223113321
What is -308ac5 (base 14) in base 15?
-225307
What is 1ccbb (base 15) in base 14?
26385
Convert 136323 (base 11) to base 6.
4323420
237278 (base 11) to base 4
1123231311
What is 8b8648 (base 12) in base 13?
6027c5
What is -48251 (base 11) in base 9?
-115313
-2350041 (base 9) to base 13
-3574a2
88a (base 12) to base 7
3445
Convert 1011011000011111001 (base 2) to base 14.
99cdb
Convert -11000212111002 (base 3) to base 5.
-1022033014
What is -1003123104 (base 6) in base 5?
-10104304340
Convert 215454661 (base 7) to base 3.
220111121021121
-584e33 (base 15) to base 16
-405ecd
Convert -2777b (base 12) to base 8.
-152617
What is -67722465 (base 8) in base 6?
-1242051353
Convert 32deb3 (base 16) to base 4.
30231322303
Convert 13317336 (base 9) to base 2.
11001000011000111101011
Convert 619b3b (base 14) to base 10.
3292265
Convert -340120 (base 9) to base 13.
-71811
What is 4310021 (base 9) in base 13?
62b282
What is -652349 (base 12) in base 5?
-402204432
684782 (base 10) to base 2
10100111001011101110
What is -7028 (base 9) in base 3?
-21000222
13102203 (base 4) to base 11
20485
Convert -623632 (base 15) to base 13.
-c76247
2120020002211 (base 3) to base 15
1bdad7
-78740 (base 11) to base 12
-55ba2
Convert -1155341 (base 7) to base 6.
-3102452
Convert -30526a (base 15) to base 6.
-121111314
453506 (base 8) to base 12
74946
Convert 210c2c (base 14) to base 4.
10100210220
What is 1021000210112 (base 3) in base 10?
669803
Convert 4352013 (base 6) to base 4.
310330221
What is 10111002110 (base 3) in base 4?
100233300
Convert 233633 (base 7) to base 4.
22102310
What is 21c14 (base 14) in base 12?
3b50a
What is -422c0 (base 13) in base 10?
-119132
What is 724c5 (base 14) in base 11?
178975
20212054 (base 6) to base 3
1002022202021
-2624077 (base 9) to base 12
-591544
774742 (base 9) to base 2
1110000111111000111
What is 22244a (base 13) in base 10?
804840
Convert 60d022 (base 14) to base 15.
446a9b
What is 7b659 (base 12) in base 6?
3312153
-38c3c (base 16) to base 12
-b2678
-1302123 (base 7) to base 16
-29376
What is 1110100111011111 (base 2) in base 3?
10001010110
Convert 13bdde (base 15) to base 6.
32221045
Convert -115531255 (base 7) to base 9.
-14607217
11001320 (base 4) to base 10
20600
81a86 (base 12) to base 5
20403113
What is 144002 (base 8) in base 5?
3114302
-1b3ec (base 15) to base 3
-11111121020
What is 21002211122 (base 3) in base 15?
2b685
Convert -1026376 (base 9) to base 12.
-225a29
Convert 10220011120010 (base 3) to base 10.
2070039
-16d583 (base 15) to base 14
-20bc48
Convert 210333102 (base 4) to base 2.
100100111111010010
Convert 13bd4 (base 16) to base 5.
10041402
68316 (base 9) to base 14
127cc
What is -110100001101110010 (base 2) in base 6?
-4330054
Convert 3353501 (base 7) to base 2.
1100101101110001000
61045004 (base 8) to base 6
1135415324
Convert 100010221002112 (base 3) to base 9.
10127075
5034880 (base 9) to base 11
1570a10
234504 (base 7) to base 12
20686
What is 1510301 (base 7) in base 6?
4213305
-4b7a18 (base 13) to base 4
-12323131301
What is -d437c6 (base 14) in base 5?
-3312431104
What is 222023 (base 4) in base 13?
12c8
What is -435300512 (base 6) in base 15?
-a45898
-40965a (base 12) to base 4
-3313001212
5322064 (base 11) to base 4
203300110230
8839 (base 15) to base 6
341330
What is 5578142 (base 11) in base 13?
2043b3b
-77547031 (base 8) to base 15
-16ecc55
126916 (base 10) to base 4
132333010
Convert 101134204 (base 5) to base 14.
aa108
Convert -120b307 (base 13) to base 5.
-2413002301
25d08 (base 15) to base 12
5a082
Convert -30104114 (base 7) to base 4.
-21133220210
4233321131 (base 5) to base 11
501a032
What is -222211101102 (base 3) in base 13?
-156494
Convert -10022002020 (base 3) to base 12.
-316b9
Convert 342aba (base 13) to base 4.
10231112320
-4053021 (base 8) to base 10
-1070609
-16404003 (base 7) to base 11
-9a16a4
What is -16325650 (base 8) in base 12?
-1323260
Convert -2220210000 (base 3) to base 9.
-86700
Convert 11021102012000 (base 3) to base 9.
4242160
Convert -7423bc (base 15) to base 8.
-25050337
Convert 79435 (base 10) to base 16.
1364b
Convert -626646 (base 7) to base 12.
-52626
What is -5bca1 (base 13) in base 14?
-458cb
What is 10440023 (base 6) in base 2?
1001101001101001111
Convert 1111000010011 (base 2) to base 4.
1320103
Convert 5bbc0 (base 14) to base 7.
1623530
What is -9134434 (base 11) in base 2?
-111101101000000011110100
What is 1542221 (base 7) in base 4?
303301313
Convert -366d0 (base 14) to base 13.
-48752
2122000210 (base 3) to base 13
1a751
Convert -1234427 (base 10) to base 2.
-100101101010111111011
-145542 (base 16) to base 4
-11011111002
Convert 4444114 (base 5) to base 14.
2061c
-3012322021 (base 5) to base 8
-26636764
Convert 241327 (base 8) to base 5.
10121042
What is 185177 (base 12) in base 2?
1100111011010101011
Convert -101010111101001001 